prime factors of -1*14/(-4)*(-41464)/(-511).
2, 71
Let h(p) = p**3 + 4*p**2. Let r be h(-2). Let b = 101 - r. What are the prime factors of b?
3, 31
Let r be (-8)/6 + (-1070)/(-15). Let t = r + -18. What are the prime factors of t?
2, 13
Suppose 0 = 21*c - 7194 - 4020. List the prime factors of c.
2, 3, 89
Suppose -6939 = -19*x - 1068. What are the prime factors of x?
3, 103
Let d = 1 + 3. Let u(l) = -5*l + 74. Let r be u(14). Suppose 0 = d*a + k - 98, -r*a + 0*k + 4*k = -88. What are the prime factors of a?
2, 3
Let x be 10/(2/426*3). Suppose -x = -4*t - t. What are the prime factors of t*5/(-10)*-1?
71
Let u = -618 + 1030. Let q = u + -222. List the prime factors of q.
2, 5, 19
Let t be ((-273)/13)/((-2)/2). What are the prime factors of t/(-6)*(-41 + 5)?
2, 3, 7
Suppose -5*y - 73 = 5*r - 3, 5*r + 4*y = -71. Let n = 20 + r. Suppose p + 99 = 2*u, -n*u + 77 = -p - 169. List the prime factors of u.
7
Let w be ((-6)/2)/(15/(-155)). Suppose 0 = 4*g - 107 + w. What are the prime factors of g?
19
What are the prime factors of ((6 - 9) + 1)*-268?
2, 67
Let v = -58 + 29. Let a = v + 11. Let z = a - -30. List the prime factors of z.
2, 3
Let d(o) be the first derivative of o**4/4 - 3*o**3 - 3*o**2 - 7*o + 13. Let k be (-2)/(-4) - 133/(-14). What are the prime factors of d(k)?
3, 11
Suppose -24 = 17*c - 25*c. List the prime factors of c.
3
Let d = -22 - -26. Suppose 5*m + 73 = 3*p - 24, -p - d*m + 21 = 0. What are the prime factors of p?
29
Suppose 8 = -24*x + 28*x. Let m(q) = 2*q**3 - q**2 + 5*q - 5. What are the prime factors of m(x)?
17
Let i = -27 + 31. Let x be 0 - (72/(-4) + i). Suppose 10*r + 188 = x*r. What are the prime factors of r?
47
Let s(v) be the first derivative of 2*v**3/3 + 5*v**2/2 - 6*v + 16. List the prime factors of s(-6).
2, 3
Let l = 896 + -369. Suppose 0 = i + 2*i + 5*n - 512, 3*i + 2*n = l. List the prime factors of i.
179
Let y = -12 - -18. Let b be (1/(-2))/(y/(-2004)). Suppose -4*t - 4*g = -124, 45 = -4*t - 5*g + b. List the prime factors of t.
3, 11
Let a = 190 - -144. List the prime factors of a.
2, 167
Suppose -5 = -3*l - 44. Let w = l + 125. List the prime factors of w.
2, 7
Suppose 3300 = 672*v - 669*v. What are the prime factors of v?
2, 5, 11
Let i(p) be the first derivative of p**2 - 3*p - 2. Let y be i(4). Let l(g) = g**2 + 2*g - 3. What are the prime factors of l(y)?
2
Let d = -19 + 24. Suppose 0*k + d*k = 3*i, 5*k = i. Suppose k = -2*o + 16 + 6. List the prime factors of o.
11
Suppose 6*w - 25 = w. Suppose 0 = w*f - 6 - 54. Suppose f = 3*g - 12. What are the prime factors of g?
2
Let w = -6 - -13. Let l(b) = 2*b - 9. Let s be l(w). Suppose 2*x = 6*x + 5*y - 206, 247 = s*x + y. List the prime factors of x.
7
Suppose -31*v + 7*v + 36264 = 0. List the prime factors of v.
1511
Suppose 3*z - 2 = -4*y - 6, z = y + 1. List the prime factors of (-5)/20 + (-2250)/(-8) + y.
2, 5, 7
Suppose -p - 6 = -2*p - 3*b, 0 = -4*p - 5*b + 10. Suppose p*t + 5*t - 575 = -5*n, 2*n - 230 = 3*t. List the prime factors of n.
5, 23
Let d = 9 - -41. Let f = d - -1. List the prime factors of f.
3, 17
Suppose 0 = 5*d - 2*v - 2, 2*d + 1 = 3*v + 4. Suppose d = 3*z - 6*z + 426. What are the prime factors of z?
2, 71
Let l be (12/(-15))/(2/(-10)). Let f = -152 - -152. Suppose l*m - 36 - 136 = f. List the prime factors of m.
43
Suppose d + 2*k - 126 = -k, -2*d + 277 = k. Let p = d + -74. List the prime factors of p.
67
Suppose -4*c - 67 = -n, -3*c = n - 71 + 4. Let a = n - 36. Let h = 2 + a. What are the prime factors of h?
3, 11
Let p(t) = -623*t - 285. What are the prime factors of p(-5)?
2, 5, 283
Suppose -6*n = 19*n - 9175. What are the prime factors of n?
367
Let u(a) = 29*a + 114. List the prime factors of u(25).
839
Let x be -2 + -139 + -2 + 4. Let b = x - -247. What are the prime factors of b?
2, 3
Let u = 19 + 96. Let x = u + -69. What are the prime factors of x?
2, 23
Suppose -7 = -p - 3, -p - 4 = -2*o. Suppose 0 = -o*x + x + 15. Let u = x + -2. What are the prime factors of u?
3
Let x(r) = -4*r - 65. Let q be x(0). Let c = 93 + q. What are the prime factors of c?
2, 7
Let m(w) = -w**3 - 5*w**2 + w + 5. Let y be m(-5). Suppose -3*a - 12 = y, -2*x - 4*a = 9 + 3. Suppose x*z - 3*z = -43. List the prime factors of z.
43
Suppose 1 = -s, -s - 28 = -3*m + 4*m. What are the prime factors of (-272)/(-51)*m/(-2)?
2, 3
Let r(u) = -u**3 + 6*u**2 - 6*u + 5. Let f be r(5). Suppose f = 5*i + z + 2*z - 44, 6 = 2*z. Suppose -i = -3*x + 8. What are the prime factors of x?
5
Suppose 4*i + 827 = 4323. List the prime factors of i.
2, 19, 23
Let a(n) = -4*n + 26. Let b be a(12). Let k = -18 - b. Suppose -k*w + 150 = -w. What are the prime factors of w?
2, 5
Let y(s) = -568*s**3 + 3*s**2 + 6*s + 4. List the prime factors of y(-1).
569
Let s(j) be the third derivative of -j**5/30 - 3*j**4/8 + 7*j**3/6 - 6*j**2. Let w be s(-9). Let p = -44 - w. List the prime factors of p.
2, 3, 5
Let l = -19 - -20. What are the prime factors of l + 57 - (-5 + 2 + 4)?
3, 19
What are the prime factors of (-1 - (-60)/16)/(1/76)?
11, 19
Let h(x) be the first derivative of x**2 + 2/3*x**3 + x - 6. List the prime factors of h(-4).
5
Let f(s) = 72*s**2 + 137*s - 6. List the prime factors of f(-5).
1109
Let d(n) = 379*n**2 + 22*n + 1. What are the prime factors of d(2)?
7, 223
Let z be (9 - -3)/(-3) + 1. Let s(v) = -6*v + 7. Let l be s(z). Suppose -5*m - l = -110. What are the prime factors of m?
17
Suppose -2*r + 5*r = 126. Let i be 78/r + 1/7. What are the prime factors of (20/(-15))/(i/(-15))?
2, 5
Let r be (-2)/6 - (-318)/(-18). Let c be (r/(-4))/(2/(-4)). Let v = 10 - c. List the prime factors of v.
19
Suppose -5*j - 2*m + 20 = 3*m, 2*j = -3*m + 10. Suppose -j*c = c. What are the prime factors of (-52)/(-2) - c/5?
2, 13
Suppose 8*q + 846 = 6302. List the prime factors of q.
2, 11, 31
Let y be -1525*1*-2*(-1)/(-5). Suppose -4*i = 2*m - y, 5*i - 5*m + m = 782. List the prime factors of i.
2, 7, 11
Suppose -13*t + 15*t + r - 4219 = 0, -3*t - 3*r = -6321. What are the prime factors of t?
2, 3, 11
Let u(d) = 7*d - 28. Let b be u(4). Suppose b*p - 2000 = -10*p. List the prime factors of p.
2, 5
Suppose -488 = -2*q - 4*n, -n + 246 = q - 0*q. What are the prime factors of q?
2, 31
Suppose 0 = -5*o + 2894 + 3031. What are the prime factors of o?
3, 5, 79
Let g(c) = 532*c**2 + 8*c - 7. List the prime factors of g(1).
13, 41
Suppose p + 1481 = 4*j + j, 5*p = -j + 291. What are the prime factors of j?
2, 37
Let o(b) = -b**3 - 4*b**2 + 2*b + 7. Let l = 61 - 66. What are the prime factors of o(l)?
2, 11
List the prime factors of (1 + 673)/(-6 - -8).
337
Let x(w) = 2*w**2 + 16*w + 9. Let m = 38 + -49. What are the prime factors of x(m)?
3, 5
Let k = 6 + 3. Let v be 6/(-27) - (-101)/k. Suppose 5*f - 106 = -5*p - v, -2*p + 43 = 3*f. List the prime factors of p.
2, 7
Suppose -675 = 4*h - 5787. What are the prime factors of h?
2, 3, 71
Let r = 2406 + 256. What are the prime factors of r?
2, 11
Let h = -90 - -35. Let v = 23 - h. List the prime factors of v.
2, 3, 13
Let a(r) be the first derivative of -15*r**2/2 - 13*r - 11. What are the prime factors of a(-6)?
7, 11
Let o(h) = -h**3 + 4*h**2 + 46*h + 20. List the prime factors of o(-8).
2, 3, 5, 7
Let v(w) = 126*w + 116. What are the prime factors of v(10)?
2, 43
Suppose 0 = 4*k + 4*t - 361 - 1763, -4*k + 3*t + 2103 = 0. List the prime factors of k.
2, 3, 11
Let m(g) = 8*g**2 - 6*g - 22. Let y be m(9). List the prime factors of ((-15)/2)/((-39)/y).
2, 5, 11
Suppose 2*y = q - 48, 53 = q - 0*y + 3*y. Suppose 0 = 35*w - 40*w + q. List the prime factors of w.
2, 5
Let j = 25 - 23. Suppose -4*r + 14 = -j*t, 2*r + 3*t - 2 - 1 = 0. List the prime factors of r.
3
Suppose -16*f - 1 = -1. Suppose f = -a - 11*a + 828. List the prime factors of a.
3, 23
Suppose -6*s + 2*s - 96 = 0. Let b be s/(-16) + 58/(-4). Let z(w) = -w**2 - 16*w - 19. What are the prime factors of z(b)?
2, 5
Let h(v) = -v**2 - 2*v + 217. Let f = 81 + -81. List the prime factors of h(f).
7, 31
Let s = 6 - 7. Let i be (68/17)/(s/2). Let j = i + 18. What are the prime factors of j?
2, 5
Let z(w) = 2*w**3 - 3*w**2 + w - 10. Suppose -2*g + 8 = -2. What are the prime factors of z(g)?
2, 5, 17
Suppose 20 = -k + 5*k, 0 = -2*m + 5*k - 229. Let q = 275 + m. What are the prime factors of q?
173
Le